 Let g(n) = -n**2 - n - 1. Let b(k) = a(k) - 2*g(k). Let i = -44 + 46. Determine b(i).
6
Let s(t) be the first derivative of 1 + 3/2*t**2 + 3*t + t**3 + 1/4*t**4. Let l be 10/(-4) + 1/(-2). What is s(l)?
-6
Let m(s) = 4*s - 3. Let k(h) = -9*h + 5. Let c(v) = 2*k(v) + 5*m(v). Let j(y) = -4*y**2 + 0*y**3 + 0*y**3 - y**3 + 4. Let g be j(-4). Determine c(g).
3
Let i(o) = -o**2 + 6*o - 3. Let d be i(5). Let v(t) be the second derivative of -t**5/20 + t**4/6 + t**3/6 + 6*t. Give v(d).
2
Let o(z) = z**3 - 9*z**2 - 10*z - 2. Let k be o(10). Let h(v) be the second derivative of -v**4/12 + v**3/2 + v**2 + 2*v. What is h(k)?
-8
Let v(r) = 1. Let u(c) = 3*c - 6. Let x(m) = -m + 1. Let t(o) = u(o) + 4*x(o). Let a(l) = t(l) - 2*v(l). Determine a(-4).
0
Let d(b) be the third derivative of b**4/24 - 2*b**3/3 + 27*b**2. Give d(3).
-1
Suppose 1 = -v + 3. Let w be 0/((-9)/3 + 2). Let l(d) = 0*d**2 + w - 2*d**2 + 1 + 0*d**v. Calculate l(-2).
-7
Let i be (1 - 3)*(-5)/10. Let v(h) = 2*h**3 - 3*h**2 - 3*h + 2. Let t(c) = c**3 - c**2 + 1. Let k(q) = i*t(q) - v(q). Suppose 0 = 4*f - 13 + 5. Determine k(f).
5
Let w = 0 + 6. Let g(j) = 2 - 5*j - w*j + 9*j. Let l(k) = k. Let p be l(-5). What is g(p)?
12
Suppose 6*c - 3*c - 12 = 0. Suppose -5*o - c = -6*o. Let u be (3 - o) + 3/(-1). Let m(q) = -q**2 - 4*q + 4. Determine m(u).
4
Let y(b) = -34*b - 5. Let j(v) = -8*v - 1. Let f(k) = -9*j(k) + 2*y(k). Give f(-4).
-17
Let p(j) = -10*j - 19. Let o(c) = -3*c - 6. Let u(f) = -7*o(f) + 2*p(f). Let w = -2 + -16. Let n be ((-12)/(-2))/(27/w). Give u(n).
0
Let t(c) = -c**2 + 6*c - 7. Let g = 5 + -9. Let u be (3/3 + -2)*g. Suppose 0 = u*f - 2*f - 10. Give t(f).
-2
Let f = 1 + -4. Let g(k) = -k**3 - 9*k**2 - 7*k - 1. Let q(y) = -y**3 - 10*y**2 - 8*y - 2. Let z(d) = -5*g(d) + 4*q(d). Determine z(f).
6
Let t(u) = 0 + 9*u - 8*u - 4 + 3. Calculate t(4).
3
Let s(d) = 3*d**2 + 3*d + 2. Let z(o) = -o**2 - o + 1. Let j(u) = -s(u) - 4*z(u). Let m be (-2)/(-6) - 51/(-9). Let i = m - 6. Calculate j(i).
-6
Let a = 28 - 21. Let m(g) = -g. Determine m(a).
-7
Let x(k) = 2*k - 23. Let m be x(11). Let f(h) = -3*h - 1. Determine f(m).
2
Let c be (-63)/(-14) - 1/(-2). Suppose 0*m + 31 = c*y + m, 5*m = -5*y + 35. Let o(f) = -f**2 + 5*f + 4. Determine o(y).
-2
Let r(b) be the third derivative of -b**4/12 + 7*b**3/6 - 4*b**2. Determine r(6).
-5
Let h(u) = -u**3 - u**2 - 5*u + 2. Let o(m) = 4*m**3 + 2*m**2 + 15*m - 7. Let c(g) = 7*h(g) + 2*o(g). Give c(4).
-4
Let x = -1 + 3. Let z(i) = -2 - x + 3*i - 5*i. What is z(3)?
-10
Let i be 10*(-2 + (-24)/(-15)). Let l(d) be the second derivative of d**4/12 + 2*d**3/3 + d. Determine l(i).
0
Let b = -9 + 6. Let l(x) = -6*x - 4. Determine l(b).
14
Suppose -2*s = -b - 17, 5*s - 17 = -5*b + 18. Suppose -z + 3*o = 2*o + 2, z + o = -s. Let g(m) = -m**2 - 5*m - 1. Give g(z).
-1
Let j(w) = w + 2*w**3 + 2*w + 2 + 2*w**3 - 5*w**3. Give j(-2).
4
Let f(t) = t**2 + t - 10. Let m be 1 + -3 + (-2)/1. Let o = -4 - m. Suppose -k - 4*k = o. What is f(k)?
-10
Let a(l) = -2 + 34*l - 5*l**3 + 7*l**2 - 28*l + 6*l**3. Give a(-6).
-2
Let g(x) = -6*x**3 - 9*x**2 + 6*x - 14*x + 5*x**3 + 5. Give g(-8).
5
Suppose -d - 5*o = -6, -5*o + 3 - 41 = -3*d. Suppose v - 3 = u, 4*u - 5*v = -d - 4. Suppose u = 4*z - 10 - 6. Let p(l) = 2*l**2 - 7*l + 5. What is p(z)?
9
Let u(j) = j**3 + 5*j**2 + 4*j + 1. Let l be u(-4). Let v be 1 + l - 0 - 7. Let w(g) = -g + 3. Determine w(v).
8
Let u(o) = o**3 + 4*o**2 + 4*o - 1. Suppose 0 = -2*j - 16 + 58. Suppose -5*k = -j + 1. Let z be (k*-1 - 1) + 2. What is u(z)?
-4
Let b(i) be the second derivative of -i**8/6720 - i**7/630 - i**6/180 - i**4/6 - 5*i. Let w(x) be the third derivative of b(x). What is w(-3)?
3
Suppose -2*z = -2*b - 12, 3*b = b - 4*z - 18. Let d = b + 13. Let u(h) = 2*h - 6. Give u(d).
6
Let n(p) be the third derivative of p**5/15 + p**4/24 + p**3/6 + p**2. Let w be (2 + -5)*(-1)/(-3). Calculate n(w).
4
Let f(l) be the third derivative of l**6/120 + l**5/10 + l**4/12 + 4*l**3/3 + 2*l**2. Determine f(-6).
-4
Let y(m) = m**2 + 2. Let k(o) = -o**2 - 2. Let g(u) = -2*k(u) - 3*y(u). What is g(2)?
-6
Let n = -140 - -143. Let t(k) be the first derivative of 3 - 1/3*k**n + 5*k - 2*k**2. Determine t(-5).
0
Let l(f) = -f**2 - 2*f - 2. Suppose -13 = -5*m + 32. Let o(z) = -z**2 + 9*z - 2. Let q be o(m). What is l(q)?
-2
Let d(b) be the first derivative of 3*b - 3/2*b**2 - 8 - 1/3*b**3. What is d(-4)?
-1
Let s(q) = -4*q**3 - 9*q**2 - 3*q - 8. Let p(d) = d + 7. Let b be p(-3). Let a(n) = 5*n**3 + 10*n**2 + 4*n + 9. Let z(k) = b*s(k) + 3*a(k). Give z(-6).
-5
Let d(a) = a**2 + 14*a - 2. Let w be d(-14). Let o(p) = p**2 + 3*p - 1. Determine o(w).
-3
Let q(o) = -2*o**3. Suppose 0 = 2*a + 2 - 6. Calculate q(a).
-16
Let j(x) = -x**3 - 3*x**2 + x - 4. Let r(n) = -2*n**3 - 3*n**2 - 5. Let i be (-8)/(-12)*36/(-8). Let h(l) = i*j(l) + 2*r(l). Calculate h(3).
-7
Let u(d) = -73*d**2 - 76*d**2 + 2*d + 147*d**2 - 2. Let a = 8 + -6. What is u(a)?
-6
Suppose -4*t + 14 = 5*u, t = -0*u - u + 4. Let g = -2 + 1. Let h = t + g. Let w(p) = p**3 - 5*p**2 + p - 7. Determine w(h).
-2
Let i(n) = -n**2. Let y be i(0). Let d(a) = -a**3 + a**2 + 6. Give d(y).
6
Let a(c) = 3*c - 2. Suppose 3*r + 1 = 37. Let x be r/(-18) - (-8)/3. Determine a(x).
4
Let q be (-6)/(4/(-1)*6/16). Let o(y) = 3*y - 2. Let l(f) = -3*f + 2. Let p(s) = -4*l(s) - 3*o(s). Give p(q).
10
Let t(c) = 6*c + c**2 - 3*c - 1 + c - 1. Calculate t(-4).
-2
Suppose 6 - 21 = -5*w. Let i(o) = -3*o + w*o + 2*o. Give i(-1).
-2
Let n(w) = -3*w**2 - 3*w. Suppose 0 = -0*c - c + 16. Let j = 26 - c. Suppose -j = -2*z, v + 3*z = -v + 11. What is n(v)?
-6
Let p = -4 - -1. Let f(u) = 2*u**2 + 6*u - 7. Let w(n) = -2*n**2 - 5*n + 6. Let d(z) = 2*f(z) + 3*w(z). Determine d(p).
-5
Suppose -45 = -0*h - 4*h + 5*r, -3*r = 3*h. Let p(b) = -b**2 + 7*b - 2. Calculate p(h).
8
Let p(z) = -6*z**2 - 4*z - 9. Let t(f) = 5*f**2 + 4*f + 8. Let h(j) = 4*p(j) + 5*t(j). What is h(-3)?
1
Let d(s) = -s**3 + 9*s**2 - s + 4. Let v be (16/(-6))/4*-3. Suppose -4*c + v*c + 18 = 0. Let p be d(c). Let w(l) = l**3 + 6*l**2 + 6*l + 6. Determine w(p).
1
Let b(j) = 5*j**2 + j - 6. Suppose 4*k - 4*g = -8, -4*k = -5*g + 2*g + 12. Let w(p) = 11*p**2 + 3*p - 13. Let h(a) = k*w(a) + 13*b(a). Calculate h(-5).
0
Let v(d) be the third derivative of -6*d**2 + 1/120*d**6 + 0 + 1/2*d**3 - 1/20*d**5 - 1/6*d**4 + 0*d. What is v(4)?
3
Let o be (-2)/9 - 2/(-9). Suppose o = 5*d - 4*l + 5, 30 - 5 = -5*l. Let q(j) = j + 11. Determine q(d).
6
Suppose -4*z = -0*z - 24. Let k(o) = -2*o + 9. Let q be k(z). Let n(p) = p**2 - 4. What is n(q)?
5
Suppose -2*y = -4*f - 0 - 2, -3*f - y = 4. Let t = f - -4. Let d(q) = -4*q + t*q - q - q - 5. What is d(-4)?
7
Let y(t) = 2*t - 3. Let b(h) = 6*h - 10. Let n(l) = 5*b(l) - 16*y(l). Determine n(-6).
10
Let h(g) be the second derivative of g**4/4 + g**2/2 + g. Let b(o) = -2 + 35*o**2 - 22*o**2 - 17*o**2 - o. Let y(t) = 4*b(t) + 5*h(t). Calculate y(-4).
-3
Suppose 1 - 4 = v + 3*p, -2*p = 2. Suppose v*i - 5 = -i. Let z(w) = -w**3 + 5*w**2 + w - 4. Calculate z(i).
1
Let z(a) = -a + 5. Let s = 20 - 28. Let q be 5/(-20) - 42/s. Determine z(q).
0
Let j(l) = -l**3 + 4*l**2 - 2*l - 2. Suppose -3*s + 9 = 3*p, -s - 3*p = 3 - 6. Calculate j(s).
1
Let l(o) = o**3 + 6*o**2 + 6*o - 10. Let x(b) = b**3 + 7*b**2 + 6*b - 10. Let k(n) = -2*l(n) + 3*x(n). Calculate k(-8).
6
Let z be 60/25 + 3/5. Let o(f) = 4*f**2 + 5*f**3 - f**3 - 3*f**3 + z*f. Suppose 3 + 3 = -3*h. Calculate o(h).
2
Let b(a) = 3*a - 3. Let s = 7 - 3. Determine b(s).
9
Let y = -5 - -8. Let l(w) = 3*w + 39 - 3*w**2 - 39 + w**y. Let f(z) = -z**2 + 4*z - 1. Let s be f(2). What is l(s)?
9
Suppose -2*q - 5*p + 3 = -13, -4*q + 3*p = -32. Let t = q - 4. Let m(g) = g**3 - 5*g**2 + 4*g + 4. Give m(t).
4
Let p(o) = o**3 + o**2 + o + 1. Let z be p(-1). Let l(i) = -2*i**2 - 2*i + 4*i**2 - 3 + z + 2*i**3. Let n = 3 - 5. What is l(n)?
-7
Let g(i) = -8*i**2 + 9*i + 9. Let v(a) = -9*a**2 + 9*a + 9. Let q(h) = 6*g(h) - 5*v(h). Let x(p) = 2*p**2 - 6*p - 6. Let j(d) = 5*q(d) + 8*x(d). Give j(3).
-3
Let q(s) = -s - 11. Let k(j) = -5. Let c(y) = -5*k(y) + 2*q(y). What is c(3)?
-3
Let r(t) be the first derivative of t**2/2 + 2*t - 1. Let g = -23 + 15. Let u(p) = p + 10. Let j be u(g). Give r(j).
4
Let l(o) = o**3 + o**2 - 2*o - 1. 